 of 846994?
2, 423497
List the prime factors of 27093352.
2, 11, 13, 2153
List the prime factors of 144822.
2, 3, 24137
List the prime factors of 532210.
2, 5, 7, 7603
What are the prime factors of 9322440?
2, 3, 5, 77687
List the prime factors of 25666.
2, 41, 313
List the prime factors of 925545.
3, 5, 61703
What are the prime factors of 3680070?
2, 3, 5, 241, 509
List the prime factors of 3091010.
2, 5, 13, 31, 59
List the prime factors of 355851.
3, 19, 2081
List the prime factors of 895195.
5, 7, 25577
What are the prime factors of 812830?
2, 5, 81283
What are the prime factors of 685612?
2, 171403
List the prime factors of 779451.
3, 41, 6337
List the prime factors of 25588159.
1187, 21557
List the prime factors of 629007.
3, 209669
List the prime factors of 2169395.
5, 137, 3167
List the prime factors of 1123166.
2, 11, 19, 2687
List the prime factors of 895677.
3, 298559
List the prime factors of 452017.
452017
List the prime factors of 1796966.
2, 898483
What are the prime factors of 1428092?
2, 223, 1601
What are the prime factors of 652839?
3, 11, 73, 271
List the prime factors of 612413.
757, 809
What are the prime factors of 1127815?
5, 13, 17351
List the prime factors of 197349.
3, 157, 419
What are the prime factors of 396987?
3, 132329
List the prime factors of 3809189.
3809189
List the prime factors of 18045875.
5, 31, 4657
What are the prime factors of 10189403?
7, 207947
List the prime factors of 1981959.
3, 7, 94379
List the prime factors of 9937785.
3, 5, 11, 13, 41, 113
What are the prime factors of 581502?
2, 3, 17, 5701
List the prime factors of 111141.
3, 53, 233
What are the prime factors of 401809?
401809
What are the prime factors of 15022447?
11, 103, 13259
What are the prime factors of 3837411?
3, 19, 22441
List the prime factors of 520065.
3, 5, 7, 13, 127
List the prime factors of 2671174.
2, 11, 23, 5279
What are the prime factors of 400815?
3, 5, 2969
List the prime factors of 4035284.
2, 11, 91711
List the prime factors of 495601.
17, 29153
List the prime factors of 138873.
3, 7, 17, 389
List the prime factors of 267744.
2, 3, 2789
List the prime factors of 1449176.
2, 79, 2293
List the prime factors of 48045.
3, 5, 3203
What are the prime factors of 145800?
2, 3, 5
List the prime factors of 229213.
229213
What are the prime factors of 2349976?
2, 157, 1871
What are the prime factors of 162039?
3, 54013
List the prime factors of 938832.
2, 3, 19559
What are the prime factors of 693660?
2, 3, 5, 11, 1051
What are the prime factors of 199965?
3, 5, 13331
List the prime factors of 378676.
2, 41, 2309
What are the prime factors of 1865154?
2, 3, 19, 16361
What are the prime factors of 4995951?
3, 1665317
List the prime factors of 1741359.
3, 563, 1031
What are the prime factors of 28823192?
2, 3602899
What are the prime factors of 6465869?
29, 59, 3779
What are the prime factors of 90387?
3, 11, 83
List the prime factors of 2574708.
2, 3, 214559
List the prime factors of 181457.
181457
What are the prime factors of 23319924?
2, 3, 1237, 1571
What are the prime factors of 57796?
2, 14449
List the prime factors of 599744.
2, 9371
What are the prime factors of 1938185?
5, 439, 883
List the prime factors of 1129860.
2, 3, 5, 6277
List the prime factors of 145006.
2, 72503
What are the prime factors of 7265619?
3, 19, 4721
What are the prime factors of 31233003?
3, 10411001
List the prime factors of 50734.
2, 25367
List the prime factors of 22081.
71, 311
List the prime factors of 21459735.
3, 5, 11, 4817
List the prime factors of 4849162.
2, 277, 8753
What are the prime factors of 185988?
2, 3, 11, 1409
List the prime factors of 1179816.
2, 3, 11, 41, 109
What are the prime factors of 2588764?
2, 311, 2081
What are the prime factors of 157742?
2, 13, 6067
List the prime factors of 1742517.
3, 7, 17, 1627
List the prime factors of 100728.
2, 3, 1399
What are the prime factors of 2969106?
2, 3, 7, 10099
What are the prime factors of 26172435?
3, 5, 17, 197, 521
List the prime factors of 7835957.
7835957
List the prime factors of 1596739.
1596739
List the prime factors of 9672464.
2, 604529
What are the prime factors of 7834093?
17, 460829
What are the prime factors of 518022?
2, 3, 53, 181
List the prime factors of 1716905.
5, 343381
What are the prime factors of 10031995?
5, 37, 211, 257
List the prime factors of 6043957.
19, 318103
What are the prime factors of 14218?
2, 7109
List the prime factors of 16712614.
2, 67, 124721
What are the prime factors of 2574859?
7, 89, 4133
List the prime factors of 24008922.
2, 3, 7, 163, 167
What are the prime factors of 2520942?
2, 3, 67, 6271
What are the prime factors of 495984?
2, 3, 10333
List the prime factors of 718202.
2, 359101
What are the prime factors of 474834?
2, 3, 79139
List the prime factors of 2078585.
5, 415717
What are the prime factors of 2431115?
5, 486223
What are the prime factors of 2120150?
2, 5, 42403
List the prime factors of 6514946.
2, 67, 48619
List the prime factors of 1319649.
3, 439883
List the prime factors of 128573.
19, 67, 101
What are the prime factors of 137526?
2, 3, 22921
List the prime factors of 13058.
2, 6529
What are the prime factors of 2086985?
5, 29, 37, 389
What are the prime factors of 11808347?
53, 222799
List the prime factors of 803128.
2, 100391
List the prime factors of 774364.
2, 19, 23, 443
What are the prime factors of 95252?
2, 23813
What are the prime factors of 1661628?
2, 3, 138469
List the prime factors of 787381.
7, 16069
What are the prime factors of 5397053?
2083, 2591
List the prime factors of 1348116.
2, 3, 7, 11, 1459
What are the prime factors of 1148748?
2, 3, 29, 3301
What are the prime factors of 1303284?
2, 3, 67, 1621
List the prime factors of 1343108.
2, 13, 23, 1123
What are the prime factors of 690082?
2, 345041
What are the prime factors of 6044654?
2, 7, 11, 39251
What are the prime factors of 9606812?
2, 2401703
What are the prime factors of 11594521?
11594521
What are the prime factors of 802307?
11, 72937
What are the prime factors of 8006391?
3, 19, 15607
What are the prime factors of 5667998?
2, 7, 61, 6637
What are the prime factors of 710507?
7, 101501
List the prime factors of 365782.
2, 37, 4943
List the prime factors of 3783512.
2, 472939
What are the prime factors of 10737207?
3, 13, 91771
List the prime factors of 1544673.
3, 13, 39607
What are the prime factors of 232759?
43, 5413
What are the prime factors of 6079565?
5, 31, 61, 643
What are the prime factors of 420341?
420341
What are the prime factors of 420415?
5, 47, 1789
List the prime factors of 338995.
5, 151, 449
List the prime factors of 1121044.
2, 47, 67, 89
List the prime factors of 992752.
2, 62047
List the prime factors of 176400.
2, 3, 5, 7
List the prime factors of 113464.
2, 13, 1091
List the prime factors of 1203668.
2, 17, 31, 571
What are the prime factors of 679486?
2, 43, 7901
List the prime factors of 2053305.
3, 5, 103, 443
What are the prime factors of 237837?
3, 79279
What are the prime factors of 426003?
3, 17, 8353
What are the prime factors of 15645383?
13, 191, 6301
List the prime factors of 2173449.
3, 257, 2819
List the prime factors of 23481.
3, 2609
What are the prime factors of 23450537?
11, 2131867
What are the prime factors of 4506348?
2, 3, 7, 11, 4877
List the prime factors of 460166.
2, 7, 32869
What are the prime factors of 480649?
13, 36973
What are the prime factors of 1098313?
1098313
What are the prime factors of 1496595?
3, 5, 17, 5869
What are the prime factors of 120302?
2, 7, 13, 661
What are the prime factors of 30292?
2, 7573
List the prime factors of 376326.
2, 3, 23, 101
List the prime factors of 299192.
2, 149, 251
List the prime factors of 3613193.
3613193
List the prime factors of 3552557.
23, 154459
What are the prime factors of 221422?
2, 110711
List the prime factors of 519266.
2, 11, 23603
List the prime factors of 326263.
7, 127, 367
What are the prime factors of 327574?
2, 13, 43, 293
What are the prime factors of 3183728?
2, 193, 1031
List the prime factors of 1277111.
11, 116101
What are the prime factors of 3682?
2, 7, 263
List the prime factors of 27646.
2, 23, 601
What are the prime factors of 29813347?
1669, 17863
List the prime factors of 26736768.
2, 3, 23209
What